j**3 + 17*j**2 + 27*j - 145. Calculate l(18).
17
Let q(j) = j**3 + 10*j**2 - 50*j + 36. Calculate q(-15).
-339
Let h(o) = -40*o**3 + o**2 + 16*o - 16. Give h(2).
-300
Let k(j) = j**3 - 28*j**2 - 2*j + 56. Give k(28).
0
Let a(t) = 2*t**2 + 69*t + 58. Calculate a(-35).
93
Let w(f) = -3*f**2 - 5*f + 175. Give w(9).
-113
Let y(f) = 5*f**2 + 70*f - 433. Give y(-23).
602
Let h(l) = -444*l - 3031. Determine h(-7).
77
Let i(o) = 5*o**3 - 55*o**2 + 11*o - 112. What is i(11)?
9
Let r(k) = 58*k + 140. Calculate r(-3).
-34
Let h(z) = -z**2 - 5*z + 201. Determine h(12).
-3
Let w(q) = -2*q**3 - 22*q**2 - 37*q + 5. What is w(-3)?
-28
Let d(j) = -457*j - 1513. Calculate d(-4).
315
Let x(b) = 50*b - 566. What is x(11)?
-16
Let z(b) = 56*b + 438. What is z(-8)?
-10
Let d(h) = -18465*h + 166189. Determine d(9).
4
Let n(a) = 2*a**2 - 72*a - 159. What is n(38)?
-7
Let t(q) = 17*q**2 - 735*q + 897. Give t(42).
15
Let h(q) = -q**2 + 44*q - 153. Give h(4).
7
Let x(h) = h**2 + 54*h - 93. Give x(-56).
19
Let o(i) = -2*i**3 + 36*i**2 - 10*i - 29. Calculate o(18).
-209
Let a(y) = 25*y - 2199. Calculate a(88).
1
Let g(h) = h**3 + 13*h**2 - 33*h - 543. Give g(-11).
62
Let f(o) = 182*o**2 + 906*o - 10. Give f(-5).
10
Let z(c) = c**2 - 16*c - 36. What is z(17)?
-19
Let b(g) = 2*g**2 - 48*g + 25. What is b(21)?
-101
Let v(g) = 10*g - 619. Determine v(61).
-9
Let t(b) = 521*b - 1036. Calculate t(2).
6
Let v(x) = -563*x - 28192. Calculate v(-50).
-42
Let y(b) = 4*b**3 + 40*b**2 + 38*b + 18. Determine y(-9).
0
Let k(d) = d**3 - 2*d**2 + 6*d - 6. Determine k(2).
6
Let k(n) = 85*n - 8664. Determine k(102).
6
Let k(t) = -7*t**2 + 31*t - 225. Give k(10).
-615
Let j(n) = 33*n**3 + 10*n**2 + 70*n + 59. Determine j(-1).
-34
Let y(t) = -5*t**2 + 48*t + 926. What is y(19)?
33
Let z(d) = 17*d**2 + 73*d - 73. Determine z(1).
17
Let f(b) = -152*b - 2017. Calculate f(-11).
-345
Let o(c) = c**2 + 43*c + 298. What is o(-9)?
-8
Let o(f) = -f**2 + 7*f. Determine o(8).
-8
Let r(a) = -a**3 - 42*a**2 - 246*a - 50. What is r(-35)?
-15
Let z(d) = -d**3 - 10*d**2 - 20*d - 5. Give z(-6).
-29
Let i(l) = 53*l + 490. Determine i(-9).
13
Let l(i) = -i**3 - 58*i**2 - 170*i + 107. Calculate l(-55).
382
Let g(d) = d**3 + 5*d**2 - 78*d + 659. Calculate g(-14).
-13
Let h(y) = -32*y - 303. What is h(-11)?
49
Let v(h) = 1099*h - 13181. Give v(12).
7
Let w(l) = -741*l - 2229. Give w(-3).
-6
Let l(j) = j**2 - 248*j + 3417. Calculate l(14).
141
Let f(n) = n**3 - 11*n**2 + 241*n - 2297. What is f(10)?
13
Let a(t) = -t - 100. Give a(12).
-112
Let j(x) = x**3 - 15*x**2 + 45*x + 8. Determine j(10).
-42
Let j(x) = -x**3 - 29*x**2 - 27*x + 12. Determine j(-28).
-16
Let v(r) = -r**3 + 17*r**2 + 79*r - 1445. Calculate v(15).
190
Let t(r) = r**3 - 60*r**2 + 263*r + 637. What is t(55)?
-23
Let x(d) = -d**2 - 32*d + 74. Give x(-23).
281
Let t(y) = -7*y**3 - 10*y**2 - 21*y - 1. Determine t(-4).
371
Let v(y) = y**3 - 10*y**2 - 45*y + 253. Calculate v(13).
175
Let u(w) = -w**3 + 26*w**2 - 43*w - 40. Calculate u(24).
80
Let t(f) = 7*f - 116. Give t(15).
-11
Let x(v) = 9*v - 122. Calculate x(18).
40
Let g(j) = -84*j + 1670. Determine g(20).
-10
Let u(z) = -48*z + 858. Calculate u(18).
-6
Let x(a) = -13*a**2 + 64*a + 35. Calculate x(5).
30
Let p(b) = b**3 - 44*b**2 + 255*b + 71. Calculate p(7).
43
Let t(u) = -u**2 - 33*u + 56. Calculate t(-31).
118
Let x(n) = -37*n + 1748. Give x(48).
-28
Let a(d) = d**2 - 16*d - 251. Calculate a(26).
9
Let q(b) = -2*b**3 - 21*b**2 + 30*b + 388. What is q(-10)?
-12
Let q(k) = 55*k**2 + 46. Calculate q(0).
46
Let j(h) = h**3 + 86*h**2 - 964*h - 384. What is j(-96)?
0
Let p(b) = -3*b**2 - 38*b + 1111. Calculate p(14).
-9
Let g(o) = 4*o**3 - o**2 + 2*o - 11. Calculate g(2).
21
Let b(z) = 170*z - 4018. Determine b(24).
62
Let j(m) = -4*m - 115. Calculate j(17).
-183
Let r(v) = v**3 + 8*v**2 - 6*v - 7. Give r(-4).
81
Let v(j) = j**2 + 13*j - 2. Give v(-20).
138
Let m(c) = 507*c + 310. Determine m(-2).
-704
Let f(m) = -320*m + 16951. What is f(53)?
-9
Let g(r) = 4*r - 505. Determine g(0).
-505
Let x(j) = -1612*j - 16137. Give x(-10).
-17
Let v(i) = -5*i**2 - 127*i + 56. Determine v(-27).
-160
Let f(b) = 21*b**3 + b**2 + 33*b - 69. Calculate f(2).
169
Let s(m) = m**3 - 7*m**2 + 7*m - 228. Give s(9).
-3
Let l(c) = -720*c - 69841. Calculate l(-97).
-1
Let c(b) = b**2 - 73*b + 2. What is c(0)?
2
Let i(w) = 28*w - 223. Calculate i(9).
29
Let p(s) = s**2 - 64*s + 710. Calculate p(50).
10
Let b(z) = -5*z + 581. What is b(103)?
66
Let c(u) = -u**3 + 5*u**2 + 5*u + 4. What is c(-6)?
370
Let p(m) = -m**2 + 39*m + 1. Give p(26).
339
Let j(v) = -v**2 + 16*v - 54. What is j(13)?
-15
Let t(b) = -b**3 + 50*b**2 + 86*b - 1784. Determine t(51).
1
Let i(f) = -f**3 - 32*f**2 - 3*f - 99. Give i(-32).
-3
Let r(h) = 18*h + 1286. Determine r(-40).
566
Let w(x) = x**3 + 42*x**2 + 114*x - 56. Calculate w(-39).
61
Let x(s) = -68*s - 225. Determine x(3).
-429
Let w(m) = -m**2 + 25*m + 194. Give w(-6).
8
Let t(x) = 44*x**2 + 781*x - 15. Calculate t(-18).
183
Let w(h) = 2*h + 95. Calculate w(5).
105
Let t(v) = -6*v**2 - 18*v + 162. What is t(4)?
-6
Let k(n) = 406*n - 10162. Determine k(25).
-12
Let d(l) = 8*l**2 - 25*l - 57. Calculate d(-2).
25
Let z(y) = y**3 + 15*y**2 + 9*y + 28. Calculate z(-14).
98
Let y(d) = -550*d + 14294. What is y(26)?
-6
Let x(c) = c**3 - 5*c**2 - 56*c + 68. Calculate x(10).
8
Let q(j) = -338*j + 5065. Determine q(15).
-5
Let o(q) = q**2 - 383*q + 763. Calculate o(2).
1
Let o(s) = -21*s**2 + 329*s - 213. Calculate o(15).
-3
Let u(y) = -132*y + 2365. Determine u(18).
-11
Let w(o) = -o**2 + 18*o + 90. Determine w(22).
2
Let p(x) = x**2 - 8*x - 22. Give p(10).
-2
Let a(n) = n**2 + 81*n - 812. Give a(9).
-2
Let x(v) = -5*v**3 + 12*v**2 - 21*v + 90. Calculate x(3).
0
Let o(w) = w**2 - 31*w + 34. Calculate o(16).
-206
Let g(a) = a**3 + 21*a**2 - 42*a + 69. What is g(-23)?
-23
Let j(i) = -i**3 + 11*i**2 + 4*i + 4. Give j(6).
208
Let o(p) = -p**3 - 41*p**2 - 80*p + 222. Determine o(-39).
300
Let b(s) = -s**3 - 8*s**2 - 22*s - 28. Calculate b(-5).
7
Let k(v) = -480*v + 517. What is k(1)?
37
Let c(u) = -36*u**3 + 6*u**2 - 30*u - 47. What is c(-2)?
325
Let i(l) = -7*l**3 - 7*l**2 - 11*l - 21. Calculate i(-4).
359
Let u(s) = 2*s**2 + 23*s - 53. Determine u(-14).
17
Let r(v) = -15*v**2 - 60*v + 59. Give r(1).
-16
Let w(v) = -v**2 + 30*v + 169. Calculate w(35).
-6
Let n(l) = l**3 - 9*l**2 - 23*l - 11. What is n(12)?
145
Let j(o) = o**3 - 6*o**2 - 116*o + 60. Determine j(14).
4
Let x(l) = 2*l**2 + 60*l - 1239. Determine x(-44).
-7
Let l(b) = 227*b + 176. Determine l(-1).
-51
Let h(b) = -2*b**2 + b - 60. What is h(0)?
-60
Let o(c) = 5*c**3 - 9*c**2 - 49*c - 51. Give o(-3).
-120
Let s(q) = 3*q - 10. Give s(2).
-4
Let u(k) = 188*k + 21414. Give u(-114).
-18
Let f(j) = -24*j**2 + 206*j - 12. What is f(8)?
100
Let n(x) = -116*x + 47. What is n(3)?
-301
Let b(v) = -5*v**2 + 422*v - 7494. Determine b(59).
-1
Let f(p) = -7*p**2 + 146*p - 1488. Calculate f(11).
-729
Let h(s) = 53731*s + 161188. Calculate h(-3).
-5
Let b(j) = -j**2 + 6*j + 29. Give b(12).
-43
Let g(f) = f**2 - 6*f + 21. Determine g(12).
93
Let o(u) = -10*u**2 + 2*u + 833. Give o(-9).
5
Let r(t) = -t**2 - 3227*t - 28942. Give r(-9).
20
Let b(i) = -i**3 + 13*i**2 + 15*i - 6. Determine b(14).
8
Let t(q) = 4*q**3 + 16*q**2 + 4*q + 33. What is t(-4)?
17
Let u(w) = -3*w - 40. Calculate u(-11).
-7
Let k(w) = -15*w + 315. Determine k(21).
0
Let t(k) = -30*k + 148. Give t(-13).
538
Let v(d) = 2*d**3 + 11*d**2 + 8*d + 202. Determine v(-7).
-1
Let f(c) = -5*c - 118. Calculate f(-25).
7
Let c(l) = l**3 - 11*l**2 - 73*l + 400. What is c(4)?
-4
Let i(t) = -8*t - 376. Give i(9).
-448
Let s(b) = 20995*b - 167958. Calculate s(8).
2
Let r(v) = v**3 + 3*v**2 - 17*v - 55. What is r(-3)?
-4
Let r(m) = 154*m + 99. Calculate r(5).
869
Let k(x) = -5*x**2 - 287*x + 1788. Give k(6).
-114
Let n(p) = -45*p**3 - 3*p**2 + 5*p + 1. Give n(-2).
339
Let n(p) = -p + 98. Give n(-66).
164
Let f(b) = 83*b - 4642. Determine f(56).
6
Let l(f) = 123*f - 2320. Determine l(23).
509
Let z(x) = -x**3 + 27*x**2 - 84*x - 177. Determine z(23).
7
Let w(p) = 17*p**2 + 168*p - 724. Calculate w(-13).
-35
Let i(p) = 4980*p - 149408. What is i(30)?
-8
Let s(c) = 49*c + 356. Determine s(-18).
-526
Let t(q) = -115*